{"id":73,"date":"2021-02-23T21:55:44","date_gmt":"2021-02-23T21:55:44","guid":{"rendered":"https:\/\/www.ceipmestalla.com\/?page_id=73"},"modified":"2025-05-22T16:09:39","modified_gmt":"2025-05-22T14:09:39","slug":"tramites-becas","status":"publish","type":"page","link":"https:\/\/www.ceipmestalla.com\/index.php\/tramites-becas\/","title":{"rendered":"Tramites: Becas"},"content":{"rendered":"\n<h2 class=\"wp-block-heading has-text-align-center has-medium-font-size\" id=\"block-c691ca83-6ba7-4ef3-b720-d86de0dfd0b3\"><img decoding=\"async\" width=\"100\" height=\"98\" class=\"wp-image-1292\" style=\"width: 100px;\" src=\"https:\/\/www.ceipmestalla.com\/wp-content\/uploads\/2021\/03\/new-purple-animation.gif\" alt=\"\">Solicitud de ayudas de comedor escolar para el pr\u00f3ximo curso 2025-2026.<br>Instrucciones.<\/h2>\n\n\n\n<p class=\"has-text-align-center has-vivid-red-color has-text-color has-medium-font-size\"><\/p>\n\n\n\n<p class=\"has-text-color has-background has-medium-font-size\" style=\"color:#086092;background-color:#f4edcc\"><strong>AYUDAS DE COMEDOR CURSO 2025\/2026<\/strong><\/p>\n\n\n\n<p style=\"font-size:18px\">A la atenci\u00f3n de las familias: Pr\u00f3ximamente se publicar\u00e1 la \u00a0RESOLUCI\u00d3N por la que se convoca la concesi\u00f3n de ayudas de comedor escolar <\/p>\n\n\n\n<p><\/p>\n\n\n\n<p><\/p>\n\n\n\n<p><\/p>\n\n\n\n<p><\/p>\n\n\n\n<p class=\"has-text-color has-background\" style=\"color:#086092;background-color:#f4edcc;font-size:18px\"><span style=\"color:#086092\" class=\"has-inline-color\">\u00a0<\/span><\/p>\n\n\n\n<p><\/p>\n\n\n\n<p class=\"has-text-color has-background\" style=\"color:#086092;background-color:#f4dbcd;font-size:18px\"><\/p>\n\n\n\n<p><\/p>\n\n\n\n<figure class=\"wp-block-table alignleft is-style-stripes\"><table><tbody><tr><td><img decoding=\"async\" height=\"50\" width=\"50\" alt=\"\" src=\"https:\/\/mestreacasa.gva.es\/c\/document_library\/get_file?folderId=500005971712&amp;name=DLFE-317187.png\"><a rel=\"noreferrer noopener\" href=\"https:\/\/www.ceipmestalla.com\/wp-content\/uploads\/2021\/03\/Actualizacion_Datos_Alumnado_WF.pdf\" target=\"_blank\">Actualizar datos en WEB FAMILIA<\/a><\/td><\/tr><tr><td><img decoding=\"async\" height=\"50\" width=\"50\" alt=\"\" src=\"https:\/\/mestreacasa.gva.es\/c\/document_library\/get_file?folderId=500005971712&amp;name=DLFE-317187.png\"><a href=\"https:\/\/dogv.gva.es\/datos\/2021\/06\/14\/pdf\/2021_6594.pdf\" target=\"_blank\" rel=\"noreferrer noopener\">Resoluci\u00f3n&nbsp; 9 junio 2021<\/a><\/td><\/tr><tr><td><a href=\"https:\/\/www.gva.es\/es\/inicio\/procedimientos?id_proc=1245\" target=\"_blank\" rel=\"noreferrer noopener\"><img decoding=\"async\" height=\"50\" width=\"50\" alt=\"\" src=\"https:\/\/mestreacasa.gva.es\/c\/document_library\/get_file?folderId=500005971712&amp;name=DLFE-317187.png\">Instrucciones para la tramitaci\u00f3n<\/a><\/td><\/tr><tr><td><img decoding=\"async\" height=\"50\" width=\"50\" alt=\"\" src=\"https:\/\/mestreacasa.gva.es\/c\/document_library\/get_file?folderId=500005971712&amp;name=DLFE-317187.png\"><a href=\"https:\/\/www.gva.es\/downloads\/publicados\/IN\/18598_BI.pdf\" target=\"_blank\" rel=\"noreferrer noopener\">ANEXO I&nbsp;<\/a>(para imprimir)<\/td><\/tr><\/tbody><\/table><\/figure>\n\n\n\n<p><\/p>\n","protected":false},"excerpt":{"rendered":"<p>Solicitud de ayudas de comedor escolar para el pr\u00f3ximo curso 2025-2026.Instrucciones. AYUDAS DE COMEDOR CURSO 2025\/2026 A la atenci\u00f3n de las familias: Pr\u00f3ximamente se publicar\u00e1 la \u00a0RESOLUCI\u00d3N por la que se convoca la concesi\u00f3n de ayudas de comedor escolar \u00a0 Actualizar datos en WEB FAMILIA Resoluci\u00f3n&nbsp; 9 junio 2021 Instrucciones para la tramitaci\u00f3n ANEXO I&nbsp;(para [&hellip;]<\/p>\n","protected":false},"author":2,"featured_media":0,"parent":0,"menu_order":1,"comment_status":"closed","ping_status":"closed","template":"","meta":{"footnotes":""},"class_list":["post-73","page","type-page","status-publish","czr-hentry"],"yoast_head":"<!-- This site is optimized with the Yoast SEO plugin v25.7 - https:\/\/yoast.com\/wordpress\/plugins\/seo\/ -->\n<title>Tramites: Becas - Ceip Mestalla<\/title>\n<meta name=\"robots\" content=\"index, follow, max-snippet:-1, max-image-preview:large, max-video-preview:-1\" \/>\n<link rel=\"canonical\" href=\"https:\/\/www.ceipmestalla.com\/index.php\/tramites-becas\/\" \/>\n<meta property=\"og:locale\" content=\"es_ES\" \/>\n<meta property=\"og:type\" content=\"article\" \/>\n<meta property=\"og:title\" content=\"Tramites: Becas - Ceip Mestalla\" \/>\n<meta property=\"og:description\" content=\"Solicitud de ayudas de comedor escolar para el pr\u00f3ximo curso 2025-2026.Instrucciones. AYUDAS DE COMEDOR CURSO 2025\/2026 A la atenci\u00f3n de las familias: Pr\u00f3ximamente se publicar\u00e1 la \u00a0RESOLUCI\u00d3N por la que se convoca la concesi\u00f3n de ayudas de comedor escolar \u00a0 Actualizar datos en WEB FAMILIA Resoluci\u00f3n&nbsp; 9 junio 2021 Instrucciones para la tramitaci\u00f3n ANEXO I&nbsp;(para [&hellip;]\" \/>\n<meta property=\"og:url\" content=\"https:\/\/www.ceipmestalla.com\/index.php\/tramites-becas\/\" \/>\n<meta property=\"og:site_name\" content=\"Ceip Mestalla\" \/>\n<meta property=\"article:modified_time\" content=\"2025-05-22T14:09:39+00:00\" \/>\n<meta property=\"og:image\" content=\"https:\/\/www.ceipmestalla.com\/wp-content\/uploads\/2021\/03\/new-purple-animation.gif\" \/>\n<meta name=\"twitter:card\" content=\"summary_large_image\" \/>\n<meta name=\"twitter:site\" content=\"@emestalla\" \/>\n<meta name=\"twitter:label1\" content=\"Tiempo de lectura\" \/>\n\t<meta name=\"twitter:data1\" content=\"2 minutos\" \/>\n<script type=\"application\/ld+json\" class=\"yoast-schema-graph\">{\"@context\":\"https:\/\/schema.org\",\"@graph\":[{\"@type\":\"WebPage\",\"@id\":\"https:\/\/www.ceipmestalla.com\/index.php\/tramites-becas\/\",\"url\":\"https:\/\/www.ceipmestalla.com\/index.php\/tramites-becas\/\",\"name\":\"Tramites: Becas - Ceip Mestalla\",\"isPartOf\":{\"@id\":\"https:\/\/www.ceipmestalla.com\/#website\"},\"primaryImageOfPage\":{\"@id\":\"https:\/\/www.ceipmestalla.com\/index.php\/tramites-becas\/#primaryimage\"},\"image\":{\"@id\":\"https:\/\/www.ceipmestalla.com\/index.php\/tramites-becas\/#primaryimage\"},\"thumbnailUrl\":\"https:\/\/www.ceipmestalla.com\/wp-content\/uploads\/2021\/03\/new-purple-animation.gif\",\"datePublished\":\"2021-02-23T21:55:44+00:00\",\"dateModified\":\"2025-05-22T14:09:39+00:00\",\"breadcrumb\":{\"@id\":\"https:\/\/www.ceipmestalla.com\/index.php\/tramites-becas\/#breadcrumb\"},\"inLanguage\":\"es\",\"potentialAction\":[{\"@type\":\"ReadAction\",\"target\":[\"https:\/\/www.ceipmestalla.com\/index.php\/tramites-becas\/\"]}]},{\"@type\":\"ImageObject\",\"inLanguage\":\"es\",\"@id\":\"https:\/\/www.ceipmestalla.com\/index.php\/tramites-becas\/#primaryimage\",\"url\":\"https:\/\/www.ceipmestalla.com\/wp-content\/uploads\/2021\/03\/new-purple-animation.gif\",\"contentUrl\":\"https:\/\/www.ceipmestalla.com\/wp-content\/uploads\/2021\/03\/new-purple-animation.gif\",\"width\":200,\"height\":196},{\"@type\":\"BreadcrumbList\",\"@id\":\"https:\/\/www.ceipmestalla.com\/index.php\/tramites-becas\/#breadcrumb\",\"itemListElement\":[{\"@type\":\"ListItem\",\"position\":1,\"name\":\"Portada\",\"item\":\"https:\/\/www.ceipmestalla.com\/\"},{\"@type\":\"ListItem\",\"position\":2,\"name\":\"Tramites: Becas\"}]},{\"@type\":\"WebSite\",\"@id\":\"https:\/\/www.ceipmestalla.com\/#website\",\"url\":\"https:\/\/www.ceipmestalla.com\/\",\"name\":\"Ceip Mestalla\",\"description\":\"\",\"publisher\":{\"@id\":\"https:\/\/www.ceipmestalla.com\/#organization\"},\"potentialAction\":[{\"@type\":\"SearchAction\",\"target\":{\"@type\":\"EntryPoint\",\"urlTemplate\":\"https:\/\/www.ceipmestalla.com\/?s={search_term_string}\"},\"query-input\":{\"@type\":\"PropertyValueSpecification\",\"valueRequired\":true,\"valueName\":\"search_term_string\"}}],\"inLanguage\":\"es\"},{\"@type\":\"Organization\",\"@id\":\"https:\/\/www.ceipmestalla.com\/#organization\",\"name\":\"Ceip Mestalla\",\"url\":\"https:\/\/www.ceipmestalla.com\/\",\"logo\":{\"@type\":\"ImageObject\",\"inLanguage\":\"es\",\"@id\":\"https:\/\/www.ceipmestalla.com\/#\/schema\/logo\/image\/\",\"url\":\"https:\/\/www.ceipmestalla.com\/wp-content\/uploads\/2021\/02\/cropped-cropped-cropped-cropped-LOGO_Mestalla-1-e1614470494422.png\",\"contentUrl\":\"https:\/\/www.ceipmestalla.com\/wp-content\/uploads\/2021\/02\/cropped-cropped-cropped-cropped-LOGO_Mestalla-1-e1614470494422.png\",\"width\":500,\"height\":191,\"caption\":\"Ceip Mestalla\"},\"image\":{\"@id\":\"https:\/\/www.ceipmestalla.com\/#\/schema\/logo\/image\/\"},\"sameAs\":[\"https:\/\/x.com\/emestalla\",\"https:\/\/www.instagram.com\/colegiomestalla\"]}]}<\/script>\n<!-- \/ Yoast SEO plugin. -->","yoast_head_json":{"title":"Tramites: Becas - Ceip Mestalla","robots":{"index":"index","follow":"follow","max-snippet":"max-snippet:-1","max-image-preview":"max-image-preview:large","max-video-preview":"max-video-preview:-1"},"canonical":"https:\/\/www.ceipmestalla.com\/index.php\/tramites-becas\/","og_locale":"es_ES","og_type":"article","og_title":"Tramites: Becas - Ceip Mestalla","og_description":"Solicitud de ayudas de comedor escolar para el pr\u00f3ximo curso 2025-2026.Instrucciones. AYUDAS DE COMEDOR CURSO 2025\/2026 A la atenci\u00f3n de las familias: Pr\u00f3ximamente se publicar\u00e1 la \u00a0RESOLUCI\u00d3N por la que se convoca la concesi\u00f3n de ayudas de comedor escolar \u00a0 Actualizar datos en WEB FAMILIA Resoluci\u00f3n&nbsp; 9 junio 2021 Instrucciones para la tramitaci\u00f3n ANEXO I&nbsp;(para [&hellip;]","og_url":"https:\/\/www.ceipmestalla.com\/index.php\/tramites-becas\/","og_site_name":"Ceip Mestalla","article_modified_time":"2025-05-22T14:09:39+00:00","og_image":[{"url":"https:\/\/www.ceipmestalla.com\/wp-content\/uploads\/2021\/03\/new-purple-animation.gif","type":"","width":"","height":""}],"twitter_card":"summary_large_image","twitter_site":"@emestalla","twitter_misc":{"Tiempo de lectura":"2 minutos"},"schema":{"@context":"https:\/\/schema.org","@graph":[{"@type":"WebPage","@id":"https:\/\/www.ceipmestalla.com\/index.php\/tramites-becas\/","url":"https:\/\/www.ceipmestalla.com\/index.php\/tramites-becas\/","name":"Tramites: Becas - Ceip Mestalla","isPartOf":{"@id":"https:\/\/www.ceipmestalla.com\/#website"},"primaryImageOfPage":{"@id":"https:\/\/www.ceipmestalla.com\/index.php\/tramites-becas\/#primaryimage"},"image":{"@id":"https:\/\/www.ceipmestalla.com\/index.php\/tramites-becas\/#primaryimage"},"thumbnailUrl":"https:\/\/www.ceipmestalla.com\/wp-content\/uploads\/2021\/03\/new-purple-animation.gif","datePublished":"2021-02-23T21:55:44+00:00","dateModified":"2025-05-22T14:09:39+00:00","breadcrumb":{"@id":"https:\/\/www.ceipmestalla.com\/index.php\/tramites-becas\/#breadcrumb"},"inLanguage":"es","potentialAction":[{"@type":"ReadAction","target":["https:\/\/www.ceipmestalla.com\/index.php\/tramites-becas\/"]}]},{"@type":"ImageObject","inLanguage":"es","@id":"https:\/\/www.ceipmestalla.com\/index.php\/tramites-becas\/#primaryimage","url":"https:\/\/www.ceipmestalla.com\/wp-content\/uploads\/2021\/03\/new-purple-animation.gif","contentUrl":"https:\/\/www.ceipmestalla.com\/wp-content\/uploads\/2021\/03\/new-purple-animation.gif","width":200,"height":196},{"@type":"BreadcrumbList","@id":"https:\/\/www.ceipmestalla.com\/index.php\/tramites-becas\/#breadcrumb","itemListElement":[{"@type":"ListItem","position":1,"name":"Portada","item":"https:\/\/www.ceipmestalla.com\/"},{"@type":"ListItem","position":2,"name":"Tramites: Becas"}]},{"@type":"WebSite","@id":"https:\/\/www.ceipmestalla.com\/#website","url":"https:\/\/www.ceipmestalla.com\/","name":"Ceip Mestalla","description":"","publisher":{"@id":"https:\/\/www.ceipmestalla.com\/#organization"},"potentialAction":[{"@type":"SearchAction","target":{"@type":"EntryPoint","urlTemplate":"https:\/\/www.ceipmestalla.com\/?s={search_term_string}"},"query-input":{"@type":"PropertyValueSpecification","valueRequired":true,"valueName":"search_term_string"}}],"inLanguage":"es"},{"@type":"Organization","@id":"https:\/\/www.ceipmestalla.com\/#organization","name":"Ceip Mestalla","url":"https:\/\/www.ceipmestalla.com\/","logo":{"@type":"ImageObject","inLanguage":"es","@id":"https:\/\/www.ceipmestalla.com\/#\/schema\/logo\/image\/","url":"https:\/\/www.ceipmestalla.com\/wp-content\/uploads\/2021\/02\/cropped-cropped-cropped-cropped-LOGO_Mestalla-1-e1614470494422.png","contentUrl":"https:\/\/www.ceipmestalla.com\/wp-content\/uploads\/2021\/02\/cropped-cropped-cropped-cropped-LOGO_Mestalla-1-e1614470494422.png","width":500,"height":191,"caption":"Ceip Mestalla"},"image":{"@id":"https:\/\/www.ceipmestalla.com\/#\/schema\/logo\/image\/"},"sameAs":["https:\/\/x.com\/emestalla","https:\/\/www.instagram.com\/colegiomestalla"]}]}},"_links":{"self":[{"href":"https:\/\/www.ceipmestalla.com\/index.php\/wp-json\/wp\/v2\/pages\/73","targetHints":{"allow":["GET"]}}],"collection":[{"href":"https:\/\/www.ceipmestalla.com\/index.php\/wp-json\/wp\/v2\/pages"}],"about":[{"href":"https:\/\/www.ceipmestalla.com\/index.php\/wp-json\/wp\/v2\/types\/page"}],"author":[{"embeddable":true,"href":"https:\/\/www.ceipmestalla.com\/index.php\/wp-json\/wp\/v2\/users\/2"}],"replies":[{"embeddable":true,"href":"https:\/\/www.ceipmestalla.com\/index.php\/wp-json\/wp\/v2\/comments?post=73"}],"version-history":[{"count":20,"href":"https:\/\/www.ceipmestalla.com\/index.php\/wp-json\/wp\/v2\/pages\/73\/revisions"}],"predecessor-version":[{"id":3317,"href":"https:\/\/www.ceipmestalla.com\/index.php\/wp-json\/wp\/v2\/pages\/73\/revisions\/3317"}],"wp:attachment":[{"href":"https:\/\/www.ceipmestalla.com\/index.php\/wp-json\/wp\/v2\/media?parent=73"}],"curies":[{"name":"wp","href":"https:\/\/api.w.org\/{rel}","templated":true}]}}