{"id":730,"date":"2021-03-04T12:39:14","date_gmt":"2021-03-04T12:39:14","guid":{"rendered":"https:\/\/www.ceipmestalla.com\/?page_id=730"},"modified":"2025-08-23T19:35:30","modified_gmt":"2025-08-23T17:35:30","slug":"centro","status":"publish","type":"page","link":"https:\/\/www.ceipmestalla.com\/index.php\/centro\/","title":{"rendered":"Nuestro Centro"},"content":{"rendered":"\n<p class=\"has-text-align-center\" style=\"font-size:20px;font-style:normal;font-weight:400\">El Colegio \u201cMESTALLA\u201d es un centro educativo de titularidad p\u00fablica que imparte estudios&nbsp;de Educaci\u00f3n Infantil&nbsp;y&nbsp;Educaci\u00f3n Primaria.<br>Comenz\u00f3&nbsp; la&nbsp; actividad educativa el curso escolar 1991-1992.<br>En aquel momento fue un centro de educaci\u00f3n infantil , educaci\u00f3n primaria y primer ciclo de la Educaci\u00f3n Secundaria (ESO).<br>Actualmente, adem\u00e1s de educaci\u00f3n infantil y educaci\u00f3n primaria, tiene habilitada un aula de comunicaci\u00f3n y lenguaje. (AULA UECYL)<\/p>\n\n\n\n<p class=\"has-text-align-center\" style=\"font-size:20px;font-style:normal;font-weight:600\">El <strong><em>CEIP Mestalla<\/em><\/strong> est\u00e1 adscrito al&nbsp; Instituto de Educaci\u00f3n Secundaria <strong><em>Ram\u00f3n Llull<\/em><\/strong>.<\/p>\n\n\n\n<p><\/p>\n\n\n<div class=\"wp-block-image\">\n<figure class=\"aligncenter size-full\"><a href=\"https:\/\/www.ceipmestalla.com\/wp-content\/uploads\/2021\/02\/VIDEO-VOLS-CONEIXER-EL-NOSTRE-CENTRE-2020.mp4\" target=\"_blank\" rel=\"noopener\"><img fetchpriority=\"high\" decoding=\"async\" width=\"976\" height=\"735\" src=\"https:\/\/www.ceipmestalla.com\/wp-content\/uploads\/2021\/03\/Captura-video-cole.jpg\" alt=\"\" class=\"wp-image-844\" srcset=\"https:\/\/www.ceipmestalla.com\/wp-content\/uploads\/2021\/03\/Captura-video-cole.jpg 976w, https:\/\/www.ceipmestalla.com\/wp-content\/uploads\/2021\/03\/Captura-video-cole-300x226.jpg 300w, https:\/\/www.ceipmestalla.com\/wp-content\/uploads\/2021\/03\/Captura-video-cole-768x578.jpg 768w, https:\/\/www.ceipmestalla.com\/wp-content\/uploads\/2021\/03\/Captura-video-cole-570x429.jpg 570w\" sizes=\"(max-width: 976px) 100vw, 976px\" \/><\/a><\/figure>\n<\/div>\n\n<div class=\"wp-block-image\">\n<figure class=\"aligncenter size-large is-resized\"><a href=\"https:\/\/www.ceipmestalla.com\/\"><img decoding=\"async\" width=\"239\" height=\"134\" src=\"https:\/\/www.ceipmestalla.com\/wp-content\/uploads\/2021\/03\/inicio.jpg\" alt=\"\" class=\"wp-image-1488\" style=\"width:153px;height:86px\"\/><\/a><\/figure>\n<\/div>","protected":false},"excerpt":{"rendered":"<p>El Colegio \u201cMESTALLA\u201d es un centro educativo de titularidad p\u00fablica que imparte estudios&nbsp;de Educaci\u00f3n Infantil&nbsp;y&nbsp;Educaci\u00f3n Primaria.Comenz\u00f3&nbsp; la&nbsp; actividad educativa el curso escolar 1991-1992.En aquel momento fue un centro de educaci\u00f3n infantil , educaci\u00f3n primaria y primer ciclo de la Educaci\u00f3n Secundaria (ESO).Actualmente, adem\u00e1s de educaci\u00f3n infantil y educaci\u00f3n primaria, tiene habilitada un aula de comunicaci\u00f3n [&hellip;]<\/p>\n","protected":false},"author":1,"featured_media":200,"parent":0,"menu_order":0,"comment_status":"closed","ping_status":"closed","template":"","meta":{"footnotes":""},"class_list":["post-730","page","type-page","status-publish","has-post-thumbnail","czr-hentry"],"yoast_head":"<!-- This site is optimized with the Yoast SEO plugin v25.7 - https:\/\/yoast.com\/wordpress\/plugins\/seo\/ -->\n<title>Nuestro Centro - Ceip Mestalla<\/title>\n<meta name=\"robots\" content=\"index, follow, max-snippet:-1, max-image-preview:large, max-video-preview:-1\" \/>\n<link rel=\"canonical\" href=\"https:\/\/www.ceipmestalla.com\/index.php\/centro\/\" \/>\n<meta property=\"og:locale\" content=\"es_ES\" \/>\n<meta property=\"og:type\" content=\"article\" \/>\n<meta property=\"og:title\" content=\"Nuestro Centro - Ceip Mestalla\" \/>\n<meta property=\"og:description\" content=\"El Colegio \u201cMESTALLA\u201d es un centro educativo de titularidad p\u00fablica que imparte estudios&nbsp;de Educaci\u00f3n Infantil&nbsp;y&nbsp;Educaci\u00f3n Primaria.Comenz\u00f3&nbsp; la&nbsp; actividad educativa el curso escolar 1991-1992.En aquel momento fue un centro de educaci\u00f3n infantil , educaci\u00f3n primaria y primer ciclo de la Educaci\u00f3n Secundaria (ESO).Actualmente, adem\u00e1s de educaci\u00f3n infantil y educaci\u00f3n primaria, tiene habilitada un aula de comunicaci\u00f3n [&hellip;]\" \/>\n<meta property=\"og:url\" content=\"https:\/\/www.ceipmestalla.com\/index.php\/centro\/\" \/>\n<meta property=\"og:site_name\" content=\"Ceip Mestalla\" \/>\n<meta property=\"article:modified_time\" content=\"2025-08-23T17:35:30+00:00\" \/>\n<meta property=\"og:image\" content=\"https:\/\/www.ceipmestalla.com\/wp-content\/uploads\/2021\/02\/Colegio-Mestalla_Fachada-1_AMPA.jpg\" \/>\n\t<meta property=\"og:image:width\" content=\"1200\" \/>\n\t<meta property=\"og:image:height\" content=\"900\" \/>\n\t<meta property=\"og:image:type\" content=\"image\/jpeg\" \/>\n<meta name=\"twitter:card\" content=\"summary_large_image\" \/>\n<meta name=\"twitter:site\" content=\"@emestalla\" \/>\n<meta name=\"twitter:label1\" content=\"Tiempo de lectura\" \/>\n\t<meta name=\"twitter:data1\" content=\"1 minuto\" \/>\n<script type=\"application\/ld+json\" class=\"yoast-schema-graph\">{\"@context\":\"https:\/\/schema.org\",\"@graph\":[{\"@type\":\"WebPage\",\"@id\":\"https:\/\/www.ceipmestalla.com\/index.php\/centro\/\",\"url\":\"https:\/\/www.ceipmestalla.com\/index.php\/centro\/\",\"name\":\"Nuestro Centro - Ceip Mestalla\",\"isPartOf\":{\"@id\":\"https:\/\/www.ceipmestalla.com\/#website\"},\"primaryImageOfPage\":{\"@id\":\"https:\/\/www.ceipmestalla.com\/index.php\/centro\/#primaryimage\"},\"image\":{\"@id\":\"https:\/\/www.ceipmestalla.com\/index.php\/centro\/#primaryimage\"},\"thumbnailUrl\":\"https:\/\/www.ceipmestalla.com\/wp-content\/uploads\/2021\/02\/Colegio-Mestalla_Fachada-1_AMPA.jpg\",\"datePublished\":\"2021-03-04T12:39:14+00:00\",\"dateModified\":\"2025-08-23T17:35:30+00:00\",\"breadcrumb\":{\"@id\":\"https:\/\/www.ceipmestalla.com\/index.php\/centro\/#breadcrumb\"},\"inLanguage\":\"es\",\"potentialAction\":[{\"@type\":\"ReadAction\",\"target\":[\"https:\/\/www.ceipmestalla.com\/index.php\/centro\/\"]}]},{\"@type\":\"ImageObject\",\"inLanguage\":\"es\",\"@id\":\"https:\/\/www.ceipmestalla.com\/index.php\/centro\/#primaryimage\",\"url\":\"https:\/\/www.ceipmestalla.com\/wp-content\/uploads\/2021\/02\/Colegio-Mestalla_Fachada-1_AMPA.jpg\",\"contentUrl\":\"https:\/\/www.ceipmestalla.com\/wp-content\/uploads\/2021\/02\/Colegio-Mestalla_Fachada-1_AMPA.jpg\",\"width\":1200,\"height\":900},{\"@type\":\"BreadcrumbList\",\"@id\":\"https:\/\/www.ceipmestalla.com\/index.php\/centro\/#breadcrumb\",\"itemListElement\":[{\"@type\":\"ListItem\",\"position\":1,\"name\":\"Portada\",\"item\":\"https:\/\/www.ceipmestalla.com\/\"},{\"@type\":\"ListItem\",\"position\":2,\"name\":\"Nuestro Centro\"}]},{\"@type\":\"WebSite\",\"@id\":\"https:\/\/www.ceipmestalla.com\/#website\",\"url\":\"https:\/\/www.ceipmestalla.com\/\",\"name\":\"Ceip Mestalla\",\"description\":\"\",\"publisher\":{\"@id\":\"https:\/\/www.ceipmestalla.com\/#organization\"},\"potentialAction\":[{\"@type\":\"SearchAction\",\"target\":{\"@type\":\"EntryPoint\",\"urlTemplate\":\"https:\/\/www.ceipmestalla.com\/?s={search_term_string}\"},\"query-input\":{\"@type\":\"PropertyValueSpecification\",\"valueRequired\":true,\"valueName\":\"search_term_string\"}}],\"inLanguage\":\"es\"},{\"@type\":\"Organization\",\"@id\":\"https:\/\/www.ceipmestalla.com\/#organization\",\"name\":\"Ceip Mestalla\",\"url\":\"https:\/\/www.ceipmestalla.com\/\",\"logo\":{\"@type\":\"ImageObject\",\"inLanguage\":\"es\",\"@id\":\"https:\/\/www.ceipmestalla.com\/#\/schema\/logo\/image\/\",\"url\":\"https:\/\/www.ceipmestalla.com\/wp-content\/uploads\/2021\/02\/cropped-cropped-cropped-cropped-LOGO_Mestalla-1-e1614470494422.png\",\"contentUrl\":\"https:\/\/www.ceipmestalla.com\/wp-content\/uploads\/2021\/02\/cropped-cropped-cropped-cropped-LOGO_Mestalla-1-e1614470494422.png\",\"width\":500,\"height\":191,\"caption\":\"Ceip Mestalla\"},\"image\":{\"@id\":\"https:\/\/www.ceipmestalla.com\/#\/schema\/logo\/image\/\"},\"sameAs\":[\"https:\/\/x.com\/emestalla\",\"https:\/\/www.instagram.com\/colegiomestalla\"]}]}<\/script>\n<!-- \/ Yoast SEO plugin. -->","yoast_head_json":{"title":"Nuestro Centro - Ceip Mestalla","robots":{"index":"index","follow":"follow","max-snippet":"max-snippet:-1","max-image-preview":"max-image-preview:large","max-video-preview":"max-video-preview:-1"},"canonical":"https:\/\/www.ceipmestalla.com\/index.php\/centro\/","og_locale":"es_ES","og_type":"article","og_title":"Nuestro Centro - Ceip Mestalla","og_description":"El Colegio \u201cMESTALLA\u201d es un centro educativo de titularidad p\u00fablica que imparte estudios&nbsp;de Educaci\u00f3n Infantil&nbsp;y&nbsp;Educaci\u00f3n Primaria.Comenz\u00f3&nbsp; la&nbsp; actividad educativa el curso escolar 1991-1992.En aquel momento fue un centro de educaci\u00f3n infantil , educaci\u00f3n primaria y primer ciclo de la Educaci\u00f3n Secundaria (ESO).Actualmente, adem\u00e1s de educaci\u00f3n infantil y educaci\u00f3n primaria, tiene habilitada un aula de comunicaci\u00f3n [&hellip;]","og_url":"https:\/\/www.ceipmestalla.com\/index.php\/centro\/","og_site_name":"Ceip Mestalla","article_modified_time":"2025-08-23T17:35:30+00:00","og_image":[{"width":1200,"height":900,"url":"https:\/\/www.ceipmestalla.com\/wp-content\/uploads\/2021\/02\/Colegio-Mestalla_Fachada-1_AMPA.jpg","type":"image\/jpeg"}],"twitter_card":"summary_large_image","twitter_site":"@emestalla","twitter_misc":{"Tiempo de lectura":"1 minuto"},"schema":{"@context":"https:\/\/schema.org","@graph":[{"@type":"WebPage","@id":"https:\/\/www.ceipmestalla.com\/index.php\/centro\/","url":"https:\/\/www.ceipmestalla.com\/index.php\/centro\/","name":"Nuestro Centro - Ceip Mestalla","isPartOf":{"@id":"https:\/\/www.ceipmestalla.com\/#website"},"primaryImageOfPage":{"@id":"https:\/\/www.ceipmestalla.com\/index.php\/centro\/#primaryimage"},"image":{"@id":"https:\/\/www.ceipmestalla.com\/index.php\/centro\/#primaryimage"},"thumbnailUrl":"https:\/\/www.ceipmestalla.com\/wp-content\/uploads\/2021\/02\/Colegio-Mestalla_Fachada-1_AMPA.jpg","datePublished":"2021-03-04T12:39:14+00:00","dateModified":"2025-08-23T17:35:30+00:00","breadcrumb":{"@id":"https:\/\/www.ceipmestalla.com\/index.php\/centro\/#breadcrumb"},"inLanguage":"es","potentialAction":[{"@type":"ReadAction","target":["https:\/\/www.ceipmestalla.com\/index.php\/centro\/"]}]},{"@type":"ImageObject","inLanguage":"es","@id":"https:\/\/www.ceipmestalla.com\/index.php\/centro\/#primaryimage","url":"https:\/\/www.ceipmestalla.com\/wp-content\/uploads\/2021\/02\/Colegio-Mestalla_Fachada-1_AMPA.jpg","contentUrl":"https:\/\/www.ceipmestalla.com\/wp-content\/uploads\/2021\/02\/Colegio-Mestalla_Fachada-1_AMPA.jpg","width":1200,"height":900},{"@type":"BreadcrumbList","@id":"https:\/\/www.ceipmestalla.com\/index.php\/centro\/#breadcrumb","itemListElement":[{"@type":"ListItem","position":1,"name":"Portada","item":"https:\/\/www.ceipmestalla.com\/"},{"@type":"ListItem","position":2,"name":"Nuestro Centro"}]},{"@type":"WebSite","@id":"https:\/\/www.ceipmestalla.com\/#website","url":"https:\/\/www.ceipmestalla.com\/","name":"Ceip Mestalla","description":"","publisher":{"@id":"https:\/\/www.ceipmestalla.com\/#organization"},"potentialAction":[{"@type":"SearchAction","target":{"@type":"EntryPoint","urlTemplate":"https:\/\/www.ceipmestalla.com\/?s={search_term_string}"},"query-input":{"@type":"PropertyValueSpecification","valueRequired":true,"valueName":"search_term_string"}}],"inLanguage":"es"},{"@type":"Organization","@id":"https:\/\/www.ceipmestalla.com\/#organization","name":"Ceip Mestalla","url":"https:\/\/www.ceipmestalla.com\/","logo":{"@type":"ImageObject","inLanguage":"es","@id":"https:\/\/www.ceipmestalla.com\/#\/schema\/logo\/image\/","url":"https:\/\/www.ceipmestalla.com\/wp-content\/uploads\/2021\/02\/cropped-cropped-cropped-cropped-LOGO_Mestalla-1-e1614470494422.png","contentUrl":"https:\/\/www.ceipmestalla.com\/wp-content\/uploads\/2021\/02\/cropped-cropped-cropped-cropped-LOGO_Mestalla-1-e1614470494422.png","width":500,"height":191,"caption":"Ceip Mestalla"},"image":{"@id":"https:\/\/www.ceipmestalla.com\/#\/schema\/logo\/image\/"},"sameAs":["https:\/\/x.com\/emestalla","https:\/\/www.instagram.com\/colegiomestalla"]}]}},"_links":{"self":[{"href":"https:\/\/www.ceipmestalla.com\/index.php\/wp-json\/wp\/v2\/pages\/730","targetHints":{"allow":["GET"]}}],"collection":[{"href":"https:\/\/www.ceipmestalla.com\/index.php\/wp-json\/wp\/v2\/pages"}],"about":[{"href":"https:\/\/www.ceipmestalla.com\/index.php\/wp-json\/wp\/v2\/types\/page"}],"author":[{"embeddable":true,"href":"https:\/\/www.ceipmestalla.com\/index.php\/wp-json\/wp\/v2\/users\/1"}],"replies":[{"embeddable":true,"href":"https:\/\/www.ceipmestalla.com\/index.php\/wp-json\/wp\/v2\/comments?post=730"}],"version-history":[{"count":9,"href":"https:\/\/www.ceipmestalla.com\/index.php\/wp-json\/wp\/v2\/pages\/730\/revisions"}],"predecessor-version":[{"id":3373,"href":"https:\/\/www.ceipmestalla.com\/index.php\/wp-json\/wp\/v2\/pages\/730\/revisions\/3373"}],"wp:featuredmedia":[{"embeddable":true,"href":"https:\/\/www.ceipmestalla.com\/index.php\/wp-json\/wp\/v2\/media\/200"}],"wp:attachment":[{"href":"https:\/\/www.ceipmestalla.com\/index.php\/wp-json\/wp\/v2\/media?parent=730"}],"curies":[{"name":"wp","href":"https:\/\/api.w.org\/{rel}","templated":true}]}}