{"id":91,"date":"2021-02-23T22:09:12","date_gmt":"2021-02-23T22:09:12","guid":{"rendered":"https:\/\/www.ceipmestalla.com\/?page_id=91"},"modified":"2025-10-01T15:34:57","modified_gmt":"2025-10-01T13:34:57","slug":"libros-de-texto","status":"publish","type":"page","link":"https:\/\/www.ceipmestalla.com\/index.php\/libros-de-texto\/","title":{"rendered":"Libros de texto"},"content":{"rendered":"\n<p class=\"has-large-font-size\">&nbsp;<em>INFANTIL<\/em> curs 2025-2026<\/p>\n\n\n\n<figure class=\"wp-block-table\"><table class=\"has-background\" style=\"background-color:#e9fbe5\"><tbody><tr><td><a href=\"https:\/\/www.ceipmestalla.com\/wp-content\/uploads\/2021\/07\/llibres-i-material-2021_22_1oINF.pdf\" target=\"_blank\" rel=\"noreferrer noopener\"><img decoding=\"async\" width=\"50\" height=\"46\" class=\"wp-image-1301\" style=\"width: 50px;\" src=\"https:\/\/www.ceipmestalla.com\/wp-content\/uploads\/2021\/03\/th.jpg\" alt=\"\" srcset=\"https:\/\/www.ceipmestalla.com\/wp-content\/uploads\/2021\/03\/th.jpg 411w, https:\/\/www.ceipmestalla.com\/wp-content\/uploads\/2021\/03\/th-300x277.jpg 300w, https:\/\/www.ceipmestalla.com\/wp-content\/uploads\/2021\/03\/th-270x250.jpg 270w\" sizes=\"(max-width: 50px) 100vw, 50px\" \/> <\/a><a href=\"https:\/\/www.ceipmestalla.com\/wp-content\/uploads\/2022\/07\/MAT-INF-3.pdf\" target=\"_blank\" rel=\"noreferrer noopener\">1r NIVELL EDUCACI\u00d3 INFANTIL<\/a><a href=\"https:\/\/mestreacasa.gva.es\/c\/document_library\/get_file?folderId=500025244578&amp;name=DLFE-2246683.pdf\" target=\"_blank\" rel=\"noreferrer noopener\"><\/a><\/td><\/tr><tr><td><a href=\"https:\/\/www.ceipmestalla.com\/wp-content\/uploads\/2021\/07\/llibres-i-material-2021_22_2oINF-1.pdf\" target=\"_blank\" rel=\"noreferrer noopener\"><img decoding=\"async\" width=\"50\" height=\"46\" class=\"wp-image-1301\" style=\"width: 50px;\" src=\"https:\/\/www.ceipmestalla.com\/wp-content\/uploads\/2021\/03\/th.jpg\" alt=\"\" srcset=\"https:\/\/www.ceipmestalla.com\/wp-content\/uploads\/2021\/03\/th.jpg 411w, https:\/\/www.ceipmestalla.com\/wp-content\/uploads\/2021\/03\/th-300x277.jpg 300w, https:\/\/www.ceipmestalla.com\/wp-content\/uploads\/2021\/03\/th-270x250.jpg 270w\" sizes=\"(max-width: 50px) 100vw, 50px\" \/><\/a><a href=\"https:\/\/www.ceipmestalla.com\/wp-content\/uploads\/2022\/07\/MAT-INF-4.pdf\" target=\"_blank\" rel=\"noreferrer noopener\">2n NIVELL EDUCACI\u00d3 INFANTIL<\/a><a href=\"https:\/\/mestreacasa.gva.es\/c\/document_library\/get_file?folderId=500025244578&amp;name=DLFE-2246682.pdf\" target=\"_blank\" rel=\"noreferrer noopener\"><\/a><\/td><\/tr><tr><td><a href=\"https:\/\/www.ceipmestalla.com\/wp-content\/uploads\/2021\/07\/llibres-i-material-2021_22_3oINF.pdf\" target=\"_blank\" rel=\"noreferrer noopener\"><img decoding=\"async\" width=\"50\" height=\"46\" class=\"wp-image-1301\" style=\"width: 50px;\" src=\"https:\/\/www.ceipmestalla.com\/wp-content\/uploads\/2021\/03\/th.jpg\" alt=\"\" srcset=\"https:\/\/www.ceipmestalla.com\/wp-content\/uploads\/2021\/03\/th.jpg 411w, https:\/\/www.ceipmestalla.com\/wp-content\/uploads\/2021\/03\/th-300x277.jpg 300w, https:\/\/www.ceipmestalla.com\/wp-content\/uploads\/2021\/03\/th-270x250.jpg 270w\" sizes=\"(max-width: 50px) 100vw, 50px\" \/><\/a><a href=\"https:\/\/www.ceipmestalla.com\/wp-content\/uploads\/2022\/07\/MAT-INF-5.pdf\" target=\"_blank\" rel=\"noreferrer noopener\">3r NIVELL EDUCACI\u00d3 INFANTIL<\/a><a href=\"https:\/\/mestreacasa.gva.es\/c\/document_library\/get_file?folderId=500025244578&amp;name=DLFE-2246681.pdf\" target=\"_blank\" rel=\"noreferrer noopener\"><\/a><\/td><\/tr><\/tbody><\/table><\/figure>\n\n\n\n<p class=\"has-large-font-size\"><a href=\"https:\/\/www.ceipmestalla.com\/wp-content\/uploads\/2021\/07\/llibres-i-material-2021_22_1oPRIM.pdf\" target=\"_blank\" rel=\"noreferrer noopener\"><\/a><\/p>\n\n\n\n<p class=\"has-large-font-size\"><em>PRIMARIA&nbsp;<\/em><\/p>\n\n\n\n<p class=\"has-background\" style=\"background-color:#eada91;font-size:18px\">Ver p\u00e1gina principal de Materiales para el curso 2025\/2026<\/p>\n\n\n\n<p class=\"has-text-align-center\" style=\"font-size:25px\"><strong>LIBROS DE TEXTO   CURSO 2025-2026&nbsp;&nbsp;<\/strong><\/p>\n\n\n\n<p>Ver p\u00e1gina principal de Materiales para el curso 2025\/2026<\/p>\n\n\n\n<figure class=\"wp-block-table\"><table class=\"has-background\" style=\"background-color:#fcf0ef\"><tbody><tr><td>\u00a0\u00a0<strong><a href=\"https:\/\/www.ceipmestalla.com\/wp-content\/uploads\/2022\/07\/llibres-i-material-curs-2022-23-1oA-yB-1.pdf\" target=\"_blank\" rel=\"noreferrer noopener\">1r\u00a0EDUCACI\u00d3 PRIM\u00c0RIA<\/a><\/strong><a href=\"https:\/\/mestreacasa.gva.es\/c\/document_library\/get_file?folderId=500025244578&amp;name=DLFE-2247477.pdf\" target=\"_blank\" rel=\"noreferrer noopener\"><\/a><\/td><\/tr><tr><td>\u00a0<strong><a href=\"https:\/\/www.ceipmestalla.com\/wp-content\/uploads\/2022\/07\/llibres-i-material-curs-2022-23-2oA-yB-1.pdf\" target=\"_blank\" rel=\"noreferrer noopener\">2n\u00a0EDUCACI\u00d3 PRIM\u00c0RIA<\/a><\/strong><a href=\"https:\/\/mestreacasa.gva.es\/c\/document_library\/get_file?folderId=500025244578&amp;name=DLFE-2247476.pdf\" target=\"_blank\" rel=\"noreferrer noopener\"><\/a><\/td><\/tr><tr><td>\u00a0<a href=\"https:\/\/www.ceipmestalla.com\/wp-content\/uploads\/2021\/07\/llibres-i-material-2021_22_3oPRIM.pdf\" target=\"_blank\" rel=\"noreferrer noopener\"><strong>\u00a0<\/strong><\/a><strong><a href=\"https:\/\/www.ceipmestalla.com\/wp-content\/uploads\/2022\/07\/llibres-i-material-2021_22_3oPRIM.pdf\" target=\"_blank\" rel=\"noreferrer noopener\">3r\u00a0EDUCACI\u00d3 PRIM\u00c0RIA<\/a><\/strong><a href=\"https:\/\/mestreacasa.gva.es\/c\/document_library\/get_file?folderId=500025244578&amp;name=DLFE-2247475.pdf\" target=\"_blank\" rel=\"noreferrer noopener\"><\/a><\/td><\/tr><tr><td>\u00a0<strong><a href=\"https:\/\/www.ceipmestalla.com\/wp-content\/uploads\/2022\/07\/llibres-i-material-2021_22_4oPRIM.pdf\" target=\"_blank\" rel=\"noreferrer noopener\">\u00a04t\u00a0EDUCACI\u00d3 PRIM\u00c0RIA<\/a><\/strong><a href=\"https:\/\/mestreacasa.gva.es\/c\/document_library\/get_file?folderId=500012656651&amp;name=DLFE-2246934.pdf\" target=\"_blank\" rel=\"noreferrer noopener\"><\/a><\/td><\/tr><tr><td>\u00a0<a href=\"https:\/\/www.ceipmestalla.com\/wp-content\/uploads\/2022\/07\/llibres-i-material-2021_22_5oPRIM.pdf\" target=\"_blank\" rel=\"noreferrer noopener\">\u00a0<strong>5\u00e8\u00a0EDUCACI\u00d3 PRIM\u00c0RIA<\/strong><\/a><a href=\"https:\/\/mestreacasa.gva.es\/c\/document_library\/get_file?folderId=500025244578&amp;name=DLFE-2247474.pdf\" target=\"_blank\" rel=\"noreferrer noopener\"><\/a><\/td><\/tr><tr><td>\u00a0<strong><a href=\"https:\/\/www.ceipmestalla.com\/wp-content\/uploads\/2022\/07\/llibres-i-material-2021_22_6oPRIM.pdf\" target=\"_blank\" rel=\"noreferrer noopener\">6\u00e8\u00a0EDUCACI\u00d3 PRIM\u00c0RIA<\/a><\/strong><a href=\"https:\/\/mestreacasa.gva.es\/c\/document_library\/get_file?folderId=500012656651&amp;name=DLFE-2246932.pdf\" target=\"_blank\" rel=\"noreferrer noopener\"><\/a><\/td><\/tr><\/tbody><\/table><\/figure>\n\n\n\n<p><\/p>\n","protected":false},"excerpt":{"rendered":"<p>&nbsp;INFANTIL curs 2025-2026 1r NIVELL EDUCACI\u00d3 INFANTIL 2n NIVELL EDUCACI\u00d3 INFANTIL 3r NIVELL EDUCACI\u00d3 INFANTIL PRIMARIA&nbsp; Ver p\u00e1gina principal de Materiales para el curso 2025\/2026 LIBROS DE TEXTO CURSO 2025-2026&nbsp;&nbsp; Ver p\u00e1gina principal de Materiales para el curso 2025\/2026 \u00a0\u00a01r\u00a0EDUCACI\u00d3 PRIM\u00c0RIA \u00a02n\u00a0EDUCACI\u00d3 PRIM\u00c0RIA \u00a0\u00a03r\u00a0EDUCACI\u00d3 PRIM\u00c0RIA \u00a0\u00a04t\u00a0EDUCACI\u00d3 PRIM\u00c0RIA \u00a0\u00a05\u00e8\u00a0EDUCACI\u00d3 PRIM\u00c0RIA \u00a06\u00e8\u00a0EDUCACI\u00d3 PRIM\u00c0RIA<\/p>\n","protected":false},"author":2,"featured_media":1479,"parent":0,"menu_order":0,"comment_status":"closed","ping_status":"closed","template":"","meta":{"footnotes":""},"class_list":["post-91","page","type-page","status-publish","has-post-thumbnail","czr-hentry"],"yoast_head":"<!-- This site is optimized with the Yoast SEO plugin v25.7 - https:\/\/yoast.com\/wordpress\/plugins\/seo\/ -->\n<title>Libros de texto - Ceip Mestalla<\/title>\n<meta name=\"robots\" content=\"index, follow, max-snippet:-1, max-image-preview:large, max-video-preview:-1\" \/>\n<link rel=\"canonical\" href=\"https:\/\/www.ceipmestalla.com\/index.php\/libros-de-texto\/\" \/>\n<meta property=\"og:locale\" content=\"es_ES\" \/>\n<meta property=\"og:type\" content=\"article\" \/>\n<meta property=\"og:title\" content=\"Libros de texto - Ceip Mestalla\" \/>\n<meta property=\"og:description\" content=\"&nbsp;INFANTIL curs 2025-2026 1r NIVELL EDUCACI\u00d3 INFANTIL 2n NIVELL EDUCACI\u00d3 INFANTIL 3r NIVELL EDUCACI\u00d3 INFANTIL PRIMARIA&nbsp; Ver p\u00e1gina principal de Materiales para el curso 2025\/2026 LIBROS DE TEXTO CURSO 2025-2026&nbsp;&nbsp; Ver p\u00e1gina principal de Materiales para el curso 2025\/2026 \u00a0\u00a01r\u00a0EDUCACI\u00d3 PRIM\u00c0RIA \u00a02n\u00a0EDUCACI\u00d3 PRIM\u00c0RIA \u00a0\u00a03r\u00a0EDUCACI\u00d3 PRIM\u00c0RIA \u00a0\u00a04t\u00a0EDUCACI\u00d3 PRIM\u00c0RIA \u00a0\u00a05\u00e8\u00a0EDUCACI\u00d3 PRIM\u00c0RIA \u00a06\u00e8\u00a0EDUCACI\u00d3 PRIM\u00c0RIA\" \/>\n<meta property=\"og:url\" content=\"https:\/\/www.ceipmestalla.com\/index.php\/libros-de-texto\/\" \/>\n<meta property=\"og:site_name\" content=\"Ceip Mestalla\" \/>\n<meta property=\"article:modified_time\" content=\"2025-10-01T13:34:57+00:00\" \/>\n<meta property=\"og:image\" content=\"https:\/\/www.ceipmestalla.com\/wp-content\/uploads\/2021\/03\/libros-abiertos.jpg\" \/>\n\t<meta property=\"og:image:width\" content=\"626\" \/>\n\t<meta property=\"og:image:height\" content=\"417\" \/>\n\t<meta property=\"og:image:type\" content=\"image\/jpeg\" \/>\n<meta name=\"twitter:card\" content=\"summary_large_image\" \/>\n<meta name=\"twitter:site\" content=\"@emestalla\" \/>\n<meta name=\"twitter:label1\" content=\"Tiempo de lectura\" \/>\n\t<meta name=\"twitter:data1\" content=\"2 minutos\" \/>\n<script type=\"application\/ld+json\" class=\"yoast-schema-graph\">{\"@context\":\"https:\/\/schema.org\",\"@graph\":[{\"@type\":\"WebPage\",\"@id\":\"https:\/\/www.ceipmestalla.com\/index.php\/libros-de-texto\/\",\"url\":\"https:\/\/www.ceipmestalla.com\/index.php\/libros-de-texto\/\",\"name\":\"Libros de texto - Ceip Mestalla\",\"isPartOf\":{\"@id\":\"https:\/\/www.ceipmestalla.com\/#website\"},\"primaryImageOfPage\":{\"@id\":\"https:\/\/www.ceipmestalla.com\/index.php\/libros-de-texto\/#primaryimage\"},\"image\":{\"@id\":\"https:\/\/www.ceipmestalla.com\/index.php\/libros-de-texto\/#primaryimage\"},\"thumbnailUrl\":\"https:\/\/www.ceipmestalla.com\/wp-content\/uploads\/2021\/03\/libros-abiertos.jpg\",\"datePublished\":\"2021-02-23T22:09:12+00:00\",\"dateModified\":\"2025-10-01T13:34:57+00:00\",\"breadcrumb\":{\"@id\":\"https:\/\/www.ceipmestalla.com\/index.php\/libros-de-texto\/#breadcrumb\"},\"inLanguage\":\"es\",\"potentialAction\":[{\"@type\":\"ReadAction\",\"target\":[\"https:\/\/www.ceipmestalla.com\/index.php\/libros-de-texto\/\"]}]},{\"@type\":\"ImageObject\",\"inLanguage\":\"es\",\"@id\":\"https:\/\/www.ceipmestalla.com\/index.php\/libros-de-texto\/#primaryimage\",\"url\":\"https:\/\/www.ceipmestalla.com\/wp-content\/uploads\/2021\/03\/libros-abiertos.jpg\",\"contentUrl\":\"https:\/\/www.ceipmestalla.com\/wp-content\/uploads\/2021\/03\/libros-abiertos.jpg\",\"width\":626,\"height\":417,\"caption\":\"hhhh\"},{\"@type\":\"BreadcrumbList\",\"@id\":\"https:\/\/www.ceipmestalla.com\/index.php\/libros-de-texto\/#breadcrumb\",\"itemListElement\":[{\"@type\":\"ListItem\",\"position\":1,\"name\":\"Portada\",\"item\":\"https:\/\/www.ceipmestalla.com\/\"},{\"@type\":\"ListItem\",\"position\":2,\"name\":\"Libros de texto\"}]},{\"@type\":\"WebSite\",\"@id\":\"https:\/\/www.ceipmestalla.com\/#website\",\"url\":\"https:\/\/www.ceipmestalla.com\/\",\"name\":\"Ceip Mestalla\",\"description\":\"\",\"publisher\":{\"@id\":\"https:\/\/www.ceipmestalla.com\/#organization\"},\"potentialAction\":[{\"@type\":\"SearchAction\",\"target\":{\"@type\":\"EntryPoint\",\"urlTemplate\":\"https:\/\/www.ceipmestalla.com\/?s={search_term_string}\"},\"query-input\":{\"@type\":\"PropertyValueSpecification\",\"valueRequired\":true,\"valueName\":\"search_term_string\"}}],\"inLanguage\":\"es\"},{\"@type\":\"Organization\",\"@id\":\"https:\/\/www.ceipmestalla.com\/#organization\",\"name\":\"Ceip Mestalla\",\"url\":\"https:\/\/www.ceipmestalla.com\/\",\"logo\":{\"@type\":\"ImageObject\",\"inLanguage\":\"es\",\"@id\":\"https:\/\/www.ceipmestalla.com\/#\/schema\/logo\/image\/\",\"url\":\"https:\/\/www.ceipmestalla.com\/wp-content\/uploads\/2021\/02\/cropped-cropped-cropped-cropped-LOGO_Mestalla-1-e1614470494422.png\",\"contentUrl\":\"https:\/\/www.ceipmestalla.com\/wp-content\/uploads\/2021\/02\/cropped-cropped-cropped-cropped-LOGO_Mestalla-1-e1614470494422.png\",\"width\":500,\"height\":191,\"caption\":\"Ceip Mestalla\"},\"image\":{\"@id\":\"https:\/\/www.ceipmestalla.com\/#\/schema\/logo\/image\/\"},\"sameAs\":[\"https:\/\/x.com\/emestalla\",\"https:\/\/www.instagram.com\/colegiomestalla\"]}]}<\/script>\n<!-- \/ Yoast SEO plugin. -->","yoast_head_json":{"title":"Libros de texto - Ceip Mestalla","robots":{"index":"index","follow":"follow","max-snippet":"max-snippet:-1","max-image-preview":"max-image-preview:large","max-video-preview":"max-video-preview:-1"},"canonical":"https:\/\/www.ceipmestalla.com\/index.php\/libros-de-texto\/","og_locale":"es_ES","og_type":"article","og_title":"Libros de texto - Ceip Mestalla","og_description":"&nbsp;INFANTIL curs 2025-2026 1r NIVELL EDUCACI\u00d3 INFANTIL 2n NIVELL EDUCACI\u00d3 INFANTIL 3r NIVELL EDUCACI\u00d3 INFANTIL PRIMARIA&nbsp; Ver p\u00e1gina principal de Materiales para el curso 2025\/2026 LIBROS DE TEXTO CURSO 2025-2026&nbsp;&nbsp; Ver p\u00e1gina principal de Materiales para el curso 2025\/2026 \u00a0\u00a01r\u00a0EDUCACI\u00d3 PRIM\u00c0RIA \u00a02n\u00a0EDUCACI\u00d3 PRIM\u00c0RIA \u00a0\u00a03r\u00a0EDUCACI\u00d3 PRIM\u00c0RIA \u00a0\u00a04t\u00a0EDUCACI\u00d3 PRIM\u00c0RIA \u00a0\u00a05\u00e8\u00a0EDUCACI\u00d3 PRIM\u00c0RIA \u00a06\u00e8\u00a0EDUCACI\u00d3 PRIM\u00c0RIA","og_url":"https:\/\/www.ceipmestalla.com\/index.php\/libros-de-texto\/","og_site_name":"Ceip Mestalla","article_modified_time":"2025-10-01T13:34:57+00:00","og_image":[{"width":626,"height":417,"url":"https:\/\/www.ceipmestalla.com\/wp-content\/uploads\/2021\/03\/libros-abiertos.jpg","type":"image\/jpeg"}],"twitter_card":"summary_large_image","twitter_site":"@emestalla","twitter_misc":{"Tiempo de lectura":"2 minutos"},"schema":{"@context":"https:\/\/schema.org","@graph":[{"@type":"WebPage","@id":"https:\/\/www.ceipmestalla.com\/index.php\/libros-de-texto\/","url":"https:\/\/www.ceipmestalla.com\/index.php\/libros-de-texto\/","name":"Libros de texto - Ceip Mestalla","isPartOf":{"@id":"https:\/\/www.ceipmestalla.com\/#website"},"primaryImageOfPage":{"@id":"https:\/\/www.ceipmestalla.com\/index.php\/libros-de-texto\/#primaryimage"},"image":{"@id":"https:\/\/www.ceipmestalla.com\/index.php\/libros-de-texto\/#primaryimage"},"thumbnailUrl":"https:\/\/www.ceipmestalla.com\/wp-content\/uploads\/2021\/03\/libros-abiertos.jpg","datePublished":"2021-02-23T22:09:12+00:00","dateModified":"2025-10-01T13:34:57+00:00","breadcrumb":{"@id":"https:\/\/www.ceipmestalla.com\/index.php\/libros-de-texto\/#breadcrumb"},"inLanguage":"es","potentialAction":[{"@type":"ReadAction","target":["https:\/\/www.ceipmestalla.com\/index.php\/libros-de-texto\/"]}]},{"@type":"ImageObject","inLanguage":"es","@id":"https:\/\/www.ceipmestalla.com\/index.php\/libros-de-texto\/#primaryimage","url":"https:\/\/www.ceipmestalla.com\/wp-content\/uploads\/2021\/03\/libros-abiertos.jpg","contentUrl":"https:\/\/www.ceipmestalla.com\/wp-content\/uploads\/2021\/03\/libros-abiertos.jpg","width":626,"height":417,"caption":"hhhh"},{"@type":"BreadcrumbList","@id":"https:\/\/www.ceipmestalla.com\/index.php\/libros-de-texto\/#breadcrumb","itemListElement":[{"@type":"ListItem","position":1,"name":"Portada","item":"https:\/\/www.ceipmestalla.com\/"},{"@type":"ListItem","position":2,"name":"Libros de texto"}]},{"@type":"WebSite","@id":"https:\/\/www.ceipmestalla.com\/#website","url":"https:\/\/www.ceipmestalla.com\/","name":"Ceip Mestalla","description":"","publisher":{"@id":"https:\/\/www.ceipmestalla.com\/#organization"},"potentialAction":[{"@type":"SearchAction","target":{"@type":"EntryPoint","urlTemplate":"https:\/\/www.ceipmestalla.com\/?s={search_term_string}"},"query-input":{"@type":"PropertyValueSpecification","valueRequired":true,"valueName":"search_term_string"}}],"inLanguage":"es"},{"@type":"Organization","@id":"https:\/\/www.ceipmestalla.com\/#organization","name":"Ceip Mestalla","url":"https:\/\/www.ceipmestalla.com\/","logo":{"@type":"ImageObject","inLanguage":"es","@id":"https:\/\/www.ceipmestalla.com\/#\/schema\/logo\/image\/","url":"https:\/\/www.ceipmestalla.com\/wp-content\/uploads\/2021\/02\/cropped-cropped-cropped-cropped-LOGO_Mestalla-1-e1614470494422.png","contentUrl":"https:\/\/www.ceipmestalla.com\/wp-content\/uploads\/2021\/02\/cropped-cropped-cropped-cropped-LOGO_Mestalla-1-e1614470494422.png","width":500,"height":191,"caption":"Ceip Mestalla"},"image":{"@id":"https:\/\/www.ceipmestalla.com\/#\/schema\/logo\/image\/"},"sameAs":["https:\/\/x.com\/emestalla","https:\/\/www.instagram.com\/colegiomestalla"]}]}},"_links":{"self":[{"href":"https:\/\/www.ceipmestalla.com\/index.php\/wp-json\/wp\/v2\/pages\/91","targetHints":{"allow":["GET"]}}],"collection":[{"href":"https:\/\/www.ceipmestalla.com\/index.php\/wp-json\/wp\/v2\/pages"}],"about":[{"href":"https:\/\/www.ceipmestalla.com\/index.php\/wp-json\/wp\/v2\/types\/page"}],"author":[{"embeddable":true,"href":"https:\/\/www.ceipmestalla.com\/index.php\/wp-json\/wp\/v2\/users\/2"}],"replies":[{"embeddable":true,"href":"https:\/\/www.ceipmestalla.com\/index.php\/wp-json\/wp\/v2\/comments?post=91"}],"version-history":[{"count":47,"href":"https:\/\/www.ceipmestalla.com\/index.php\/wp-json\/wp\/v2\/pages\/91\/revisions"}],"predecessor-version":[{"id":3400,"href":"https:\/\/www.ceipmestalla.com\/index.php\/wp-json\/wp\/v2\/pages\/91\/revisions\/3400"}],"wp:featuredmedia":[{"embeddable":true,"href":"https:\/\/www.ceipmestalla.com\/index.php\/wp-json\/wp\/v2\/media\/1479"}],"wp:attachment":[{"href":"https:\/\/www.ceipmestalla.com\/index.php\/wp-json\/wp\/v2\/media?parent=91"}],"curies":[{"name":"wp","href":"https:\/\/api.w.org\/{rel}","templated":true}]}}